 Suppose -2*t + 0*t = -u. List the prime factors of t.
5
Let f(j) = j + 84. Let n be f(0). Suppose 7*x - 4*x = n. What are the prime factors of x?
2, 7
Suppose -3*l + 0*g - 3*g + 234 = 0, 8 = -2*g. List the prime factors of l.
2, 41
Let l = 3 + 2. Let u(t) = -4*t**2 - 16*t + 12. Let v(n) = 3*n**2 + 15*n - 11. Let f(y) = l*v(y) + 4*u(y). What are the prime factors of f(10)?
3
Suppose 2*p = -u + 4 + 7, -25 = -5*p - 5*u. Suppose 2*v + b = 35, p*b = 3*b + 15. List the prime factors of v.
3, 5
Suppose -1 = -t + v - 0*v, -3*t - 25 = 4*v. What are the prime factors of 3/(t/(1 - 4))?
3
Let s(u) = 5*u - 5. Let i(c) = 9*c**2 + c + 2. Let d be i(-1). List the prime factors of s(d).
3, 5
Let g be -4 - -2 - 3*3. Let p = 23 + g. List the prime factors of p.
2, 3
Let q = -87 + 145. List the prime factors of q.
2, 29
Suppose -2*n - 2*g - 2 = 6, -2*n = -5*g - 20. Suppose n = -2*y - 36 - 22. Let f = -17 - y. List the prime factors of f.
2, 3
Let j(t) = t**3 - 8*t**2 + t - 8. Let l be j(8). Let f = 0 + l. Suppose f = 5*k + 35 - 105. What are the prime factors of k?
2, 7
Let n = 98 - 57. List the prime factors of n.
41
Suppose 5*v + 2*q + q = 45, 3*q + 3 = 3*v. Let x(i) = -i**2 + 9*i - 9. What are the prime factors of x(v)?
3
Let f(y) = -y**2 + 5*y - 3. Let a be f(3). Suppose 0*o - 5*o + 10 = -a*p, 2*p + 3*o = 25. Suppose -t - 32 = -p*t. What are the prime factors of t?
2
Let v(y) = 7*y + 4. List the prime factors of v(6).
2, 23
Let y(v) = -v + 9. List the prime factors of y(5).
2
Let c = 98 + -58. What are the prime factors of c?
2, 5
Suppose 2*v - 4*u = v + 62, -3*v = 2*u - 200. Suppose -4*b = 4*f - 40, -4*f = -3*b - v - 9. What are the prime factors of ((-10)/f)/((-4)/18)?
3
Let w = -4 - -8. Suppose 3*x - r - 138 = 4*r, -w*r = 5*x - 230. Suppose -5*a - 11 = -x. List the prime factors of a.
7
Let y = 65 + -44. What are the prime factors of y?
3, 7
Let y(a) = 4*a**2 + a + 1. Let n be (0 + 0 + -1)*2. Let x be (8/12)/(n/3). List the prime factors of y(x).
2
Let a(t) = -4*t**3 - 1. List the prime factors of a(-1).
3
Let z = -7 + -3. Let w(a) = 4*a + 39. Let j be w(-21). What are the prime factors of j*(z/(-6) - 2)?
3, 5
Let c(b) = -2*b - b + 1 + 5*b. Let p be c(-2). Let f = 10 + p. What are the prime factors of f?
7
Let z = -5 + 7. Suppose -5*a + 4*x = -67, -z*a = 2*x - 8 - 8. List the prime factors of a.
11
Let y(g) = 2*g**3 + 3*g**2 - 2. Let m be y(-2). What are the prime factors of 12/((-1)/(4/m))?
2
Suppose -j - 4*h - 51 = 0, -2*j + 5*j - 3*h + 138 = 0. Let t = -87 + 156. Let n = j + t. What are the prime factors of n?
2, 11
Let l(j) = 13*j + 26. What are the prime factors of l(6)?
2, 13
Suppose -2*y - 28 = -3*y. Let c be (3 - 9/3) + y. List the prime factors of (-8)/(-16)*1*c.
2, 7
Suppose 12 + 3 = 3*i. Suppose 0 = 3*f - i*b - 10, -4*f - f = 2*b + 4. Suppose f*k = k - 11. What are the prime factors of k?
11
Let k = -2 + 2. Suppose -3 = -3*f + 2*f - z, 3*z = 0. Suppose 0 = -h - h + 4*s + 16, -h + f*s + 10 = k. List the prime factors of h.
2
Suppose 5*q + 60 - 9 = 2*a, 4*a + 63 = -5*q. Let b = q + 18. List the prime factors of b.
7
Suppose s + 223 = 3*s - 3*c, s - 4*c = 124. List the prime factors of s.
2, 13
Suppose 5*r + 20 = 0, -r + 16 = -5*b - 0*r. Let o = 5 + b. Let t = 1 + o. List the prime factors of t.
2
Suppose -5*f = 10 - 0. What are the prime factors of f/2 - -3 - -24?
2, 13
Let r be 3/12 - (-5)/(-4). What are the prime factors of -1 + r - 18/(-2)?
7
Let a = -6 + 32. What are the prime factors of a?
2, 13
Let h(j) = 2*j**2 - j + 1. Let y = 5 - 3. List the prime factors of h(y).
7
Let z(n) = 165*n + 3. List the prime factors of z(1).
2, 3, 7
What are the prime factors of (-16)/6*90/(-24)?
2, 5
Let b(q) = 11*q - 4. What are the prime factors of b(4)?
2, 5
Suppose -3*p = -5*p + 46. Let z = p - 12. List the prime factors of z.
11
Let k(i) = 5*i - 2. Let w be k(2). Let o = 3 + w. List the prime factors of o.
11
Let x = 10 + -13. What are the prime factors of 4*x*(-2)/3?
2
Let g(r) = r**3 - 12*r**2 - 12*r + 14. Let l be g(10). List the prime factors of l/(-12) - (-2)/(-4).
5
Suppose -5*m + 23 + 19 = i, -2*i + 96 = 4*m. What are the prime factors of i?
2, 13
Let q = 253 + -121. What are the prime factors of q?
2, 3, 11
Let s be (-1 + 0 + 1)*-1. Suppose -33 = -s*t - 3*t. List the prime factors of t.
11
Let d(z) = 15*z**3 + 3*z**2 - 3*z + 2. Let k be d(2). Suppose p = 2, 5*m - k = 3*p - 7*p. What are the prime factors of m?
2, 3
Let d be (0/3)/(-1 + 3). Suppose -3*j = h - d*h - 6, -5*h + 4*j + 125 = 0. List the prime factors of h.
3, 7
Let o be 3/(2*9/30). Let c = o + -5. Let f(r) = r + 3. List the prime factors of f(c).
3
Let y = 21 - 29. Let s = 23 - 5. Let m = s + y. What are the prime factors of m?
2, 5
Let f = 0 + 7. Let q = f - -26. Suppose q = 6*b - 3*b. List the prime factors of b.
11
Let i be (-2)/5*(-15)/6. Let m = 3 - i. List the prime factors of 5 + 0 + -1 + m.
2, 3
Let h be (-3 + 7 - 2)*4. Let r = h + 1. List the prime factors of r.
3
Suppose y = 3*y + 12. Let z be 8/(1 + y/4). Let n = 23 + z. List the prime factors of n.
7
Suppose -2*o + 0*o = 28. Let v = 18 - o. What are the prime factors of v?
2
Let a = 27 - -2. List the prime factors of a.
29
Let i = -6 + 8. Suppose g = 3 + i. List the prime factors of g.
5
Let b = -19 - -4. Let w be 1 - 3/(9/b). What are the prime factors of -1 - (w/3 + -6)?
3
Let y(h) be the third derivative of h**7/5040 + 13*h**6/720 - h**5/30 - 3*h**2. Let z(t) be the third derivative of y(t). What are the prime factors of z(9)?
2, 11
Let n be -1*(1 + 1) - -10. Let x = n - 12. List the prime factors of ((-11)/x)/(3/12).
11
Let d be (1 - -1) + -7 + 2. Let x be 1 + -3 + (d - -10). Suppose -z = -5*n + 20, n - x*z + 15 = -n. List the prime factors of n.
5
Suppose -r - 48 = -128. List the prime factors of r.
2, 5
Let l = 590 + -396. List the prime factors of l.
2, 97
Suppose 2*r = 5*w + 15, -2*r - 7*w - 12 = -3*w. Let j be (1 - r/(-3))/1. Suppose -x = -4*m + j, 4*x + m = 2*x + 43. List the prime factors of x.
19
Suppose 3*d = 1 - 10. Let m = 8 + d. List the prime factors of m.
5
Suppose -5*c + 2*f = -64, -2*f = -2*c - 0 + 28. List the prime factors of c.
2, 3
Let r(z) = 12*z - 13. List the prime factors of r(3).
23
List the prime factors of 1*-10*2/(20/(-125)).
5
Let x(h) = -2*h**3 + 2*h**2 + 3*h + 2. Let f be x(3). Let a be 1 + f + 6/(-2). List the prime factors of (4/6)/((-2)/a).
3
Suppose 5*f - 35 = 2*k, -3*f + 4*k = 2*f - 45. Suppose 0 = f*g - 2*o + o - 63, 2*g - 2*o = 30. List the prime factors of g.
2, 3
What are the prime factors of (4/6)/(24/828)?
23
Suppose -k - 2*y + 21 = 0, 0*k - 4*y + 21 = k. Suppose 2*r = 27 - 9. Let a = k - r. List the prime factors of a.
2, 3
What are the prime factors of 3/3 + 0 + 9?
2, 5
Let n be 0 + (-3)/(3/2). Let o be -3*(1 - (0 - n)). Suppose c + o*y = -4, 3*y + y = -20. What are the prime factors of c?
11
Let s = 8 + 8. List the prime factors of s.
2
Let w be ((-10)/20)/((-1)/166). Let i = 126 - w. List the prime factors of i.
43
Suppose 0 = 4*s + 60 - 12. List the prime factors of 62/6 + (-8)/s.
11
Let s be (2 - 36/15)*5. Let m = s - -5. Suppose -2*o = 4*n + n - m, 0 = 5*o - n - 21. List the prime factors of o.
2
Let k(p) = 2*p - 14. Let o(u) = 3*u - 27. Let b(v) = 5*k(v) - 3*o(v). Let y be b(-9). Suppose 24 = 5*l - y*l. List the prime factors of l.
2
Suppose -4*s - 10 - 2 = 0. Let n(m) = m**3 + 5*m**2 + 4*m. List the prime factors of n(s).
2, 3
Let a = 786 + -540. What are the prime factors of a?
2, 3, 41
Suppose 0 = 4*m - 2*m - 80. What are the prime factors of m?
2, 5
Suppose 9 = s - 0*s. Let l be ((s/(-1))/3)/(-1). Let t = 1 + l. List the prime factors of t.
2
Let c be 3/(2 - 1)*1. Suppose -5*l + c*l = 0. Suppose h = 2*h + 5*p - 16, l = -3*h + 4*p + 10. What are the prime factors of h?
2, 3
Let z(n) = n + 25. Let p(x) = 13. Let t(m) = -9*p(m) + 4*z(m). List the prime factors of t(8).
3, 5
Suppose 3*x - 4*x - 57 = 0. What are the prime factors of (-3 + 7)*x/(-12)?
19
Let x(t) = -t + 3. Let z be x(3). Suppose 5*w - 15 + 5 = z. What are the prime factors of 9 - (-9)/(w + 1)?
2, 3
Let m(n) = -n**3 - 8*n**2 - 9*n - 8. Let d be m(-7). Suppose q + 105 = d*q. Suppose -r - 4*b + 2*b = -q, -23 = -3*r + 4*b. List the prime factors of r.
13
Let j = -2 - -6. Let x be (-6)/j*(-24)/9. List the 